late the highest common factor of a and 154.
14
Let m(j) = 3*j - 32. Let z be m(16). Calculate the highest common factor of 80 and z.
16
Suppose -35728 = -21*k - 7*k. What is the highest common divisor of 58 and k?
58
Let s = -152 - -291. Suppose 0 = -0*z - z. Suppose 3*v - 77 - s = z. What is the greatest common factor of 18 and v?
18
Suppose -5*x + 5*g = -70 - 110, 5*g = 2*x - 72. Calculate the greatest common divisor of 234 and x.
18
Suppose -3 = -3*j, -5*q - 4*j = -95 + 11. Let m = -11 + q. Suppose -5*p - 5*w = 0, w + 40 = m*p + 16. Calculate the highest common factor of p and 32.
4
Let w = 45 - 44. Let t be (-1150)/(-8) - w/8*-2. Let h be (-750)/(-21) + 4/14. What is the highest common divisor of t and h?
36
Let u be 1 + -3 + 31 + -4. Suppose -b - 4*l + 0 = -2, l = 4*b - u. Suppose p - 17 = -b. What is the highest common divisor of p and 1?
1
Let p = -11 - -11. Suppose -2*l + 0*l + 2 = p, -5*h = 2*l - 152. What is the greatest common divisor of 12 and h?
6
Suppose -a - 96 = -5*a + 2*d, -2*d = -2*a + 48. Let g = a - 3. Calculate the greatest common factor of g and 28.
7
Suppose -p = -3*p - 8, 2*k + 4*p + 14 = 0. Let v be (-94)/(-12) - k/(-6). Calculate the greatest common divisor of v and 1.
1
Suppose a + 13 = 73. Let z be (-1)/5 - (-66)/5. Let k be (-2 - z)*3/(-3). Calculate the highest common factor of a and k.
15
Let h(w) = w**3 + 39*w**2 - 84*w + 10. Let d be h(-41). Calculate the greatest common divisor of d and 115.
23
Let m be (8320/(-65))/(1/(-1)). What is the greatest common factor of 64 and m?
64
Let h = 1404 + -759. What is the greatest common factor of 15 and h?
15
Suppose -2*m + k - 31 + 60 = 0, -5*m = 4*k - 79. What is the highest common divisor of 39 and m?
3
Suppose 0 = -4*n + 109 + 71. Suppose u = z - n, 5*u - 12 - 203 = -5*z. Let m = -3 + 7. What is the highest common divisor of m and z?
4
Let z be (-2270)/(-40) + ((-273)/12)/13. What is the greatest common factor of 1705 and z?
55
Suppose 4*r - 182 = 10. Let w = r - 42. What is the greatest common divisor of 24 and w?
6
Suppose 0 = 60*k - 64*k + 280. Calculate the highest common divisor of k and 80.
10
Let u = -3128 - -6388. What is the highest common factor of u and 20?
20
Let k = -798 + 550. Let n = -86 - k. What is the greatest common divisor of 18 and n?
18
Suppose -12 = -2*w - 4*w. Suppose 5*h = -3*s + 36, h = -s - w*s + 12. What is the highest common divisor of h and 24?
6
Suppose 0*a - 6 = -2*a. Suppose 10 = 93*i - 91*i. Suppose i*f = -a*c + 183, -4*c - 141 = -4*f - c. What is the highest common divisor of f and 9?
9
Suppose 1603*j - 624 = 1597*j. What is the greatest common factor of j and 24?
8
Let o(w) = -2*w**2 + 2*w. Let j(q) = -9*q**2 + 9*q. Let p(l) = -6*j(l) + 26*o(l). Let a be p(3). Calculate the highest common divisor of 9 and a.
3
Suppose -5*f = 3*l - 1540, 3*f + 5*l - 924 = 6*l. Calculate the highest common factor of 22 and f.
22
Suppose -w - 989 = -4*y, -9*y + w + 245 = -8*y. What is the highest common divisor of 8 and y?
8
Let n(l) = l**2. Let h(v) = 3*v**2 - 2*v + 2. Let o(d) = -h(d) + 4*n(d). Let q be o(-6). Calculate the highest common factor of q and 11.
11
Let d be 9 + 0 + 0/(-3). Let q(t) = -15*t**2 + 2*t + 1. Let y be q(-3). Let k = y - -239. What is the highest common factor of k and d?
9
Let i(j) = j + 4. Let p be i(-7). Let n = -2 - p. Suppose 298 = 20*b + 238. What is the greatest common factor of n and b?
1
Let c be 5/2*((-588)/15)/(-7). Calculate the greatest common factor of 98 and c.
14
Suppose 4*n + 4*r - 20 = 0, -3*n - 2*r = -0*r - 10. Let p(y) = 1 + 5 - 6*y**3 + 5*y**3. Let z be p(n). Calculate the greatest common factor of z and 12.
6
Let d be (-19)/3*(-40 + 56/8). Calculate the greatest common divisor of 133 and d.
19
Let a = -243 - -258. What is the greatest common factor of 2355 and a?
15
Let b(p) = 10*p**3. Let s be b(3). Let u = 1 + -1. Suppose u = 3*i - 2*d - 75, -44 = -4*i + d + 61. Calculate the greatest common divisor of i and s.
27
Suppose 34*r + 404 = 4076. Calculate the greatest common factor of r and 351.
27
Suppose -328 + 1368 = 13*b. Calculate the greatest common factor of 30 and b.
10
Let o = -453 - -519. Calculate the greatest common factor of 99 and o.
33
Let q = -56 - -203. Suppose -4*x + 344 + 181 = -k, -x - 5*k = -q. Suppose 12*t - 90 - 54 = 0. What is the highest common factor of t and x?
12
Suppose -2*a - 54*t = -56*t - 18, -t = a - 13. Suppose -3 + 1 = -2*x. What is the highest common factor of x and a?
1
Suppose 208 = 2*f - 4*o, -12*o - 446 = -4*f - 14*o. Let y be 2/4 - 19/(-2). Calculate the highest common factor of y and f.
10
Let r = -413 - -419. Suppose -3*w + 4*q + 30 = 0, w = 4*w + 3*q - 51. What is the greatest common factor of r and w?
2
Suppose 4*d + 3916 = -10*m + 14*m, -12 = 4*d. What is the highest common divisor of 8 and m?
8
Let p = 37 - 60. Let o = p + 6. Let d = -4 - o. What is the greatest common factor of 104 and d?
13
Suppose 0 = -t + 5*w + 23, -2*t - t + 3*w + 69 = 0. Let l = t - -9. What is the greatest common factor of l and 32?
32
Let p be 54*5 - (-26)/13. Let w = 494 - 478. What is the highest common divisor of w and p?
16
Let j(a) be the first derivative of a**3/3 - 2*a**2 - 4*a - 34. Let l be j(6). Calculate the highest common divisor of 64 and l.
8
Suppose -5*b + 6 = -2*d - 0*d, -2*d - 6 = -2*b. Let n be ((-4)/2 - 1) + b. Let i be ((-6)/(-5))/(n/(-180)). Calculate the greatest common factor of 9 and i.
9
Suppose 2*u - 6 - 20 = -3*v, 2*v - 4 = 0. What is the greatest common divisor of u and 110?
10
Let n(i) = -10*i + 2. Let b be n(-2). Let s(h) = h**2 - 23*h + 32. Let p be s(b). Suppose a + 4*a = 550. What is the greatest common divisor of a and p?
10
Let m = 202 - 59. What is the highest common divisor of 26 and m?
13
Let s be (0 - (-290)/25) + 6/15. What is the greatest common factor of s and 444?
12
Let l = 4 + -1. Let a be 4*((-15)/6 + l). Suppose -5*t + 6*t = 18. What is the greatest common factor of t and a?
2
Suppose 4*h = 3*h - 147. Let t = -60 - h. Let p = 1 + t. What is the greatest common divisor of p and 11?
11
Let g(q) = -12*q - 354. Let o(n) = n + 1. Let t(p) = -g(p) - 2*o(p). Let d be t(0). Suppose i + i - 64 = 0. Calculate the highest common divisor of i and d.
32
Suppose 0 = -623*z + 622*z - 4*f - 16, f = -9. Let q be ((-2)/4)/(2/4). Let g be (0/q)/1 - -30. What is the greatest common factor of z and g?
10
Let b = 39 - 92. Let j = 38 + b. Let s = j + 36. What is the greatest common divisor of s and 7?
7
Let l = 17 - 30. Let d = 52 - l. Calculate the highest common factor of 13 and d.
13
Suppose -85 = x - 282. Suppose -4*h + 3*r - x = 0, 5*h + 3*r + 199 = -54. Let m be (h/4)/(4/(-8)). Calculate the greatest common factor of 10 and m.
5
Let j = -345 - -1481. Calculate the greatest common factor of 32 and j.
16
Let z be (-422)/10 + 7/35. Let f = z - -57. What is the greatest common factor of f and 10?
5
Suppose -2 = -2*i + 42. Let b(a) = -a**3 + 3*a + 1. Let r be b(-2). Suppose 0 = -r*z, -f - z + 176 = 2*z. What is the highest common factor of f and i?
22
Suppose 8 = w - 6. Suppose 2*v - 284 = -3*o, -v + 365 = 3*o + 76. Calculate the highest common divisor of w and o.
14
Let b(i) = -i**3 - 12*i**2 - 11*i + 3. Let f be b(-11). Let s(j) = f*j - 98 - 4*j + 98. Let d be s(-1). Calculate the highest common divisor of d and 2.
1
Let n(k) = 4*k - 13. Let z be n(6). Suppose -73 = -4*h + z. What is the greatest common divisor of h and 126?
21
Suppose 4*m = -5*m + 90. What is the highest common divisor of m and 16?
2
Suppose -5*f + 5*q = -414 - 171, 0 = -2*q. Let w(l) = 4*l + 1. Let r be w(3). What is the highest common factor of f and r?
13
Suppose 3*z + 3*h = -h + 32, 0 = 5*h - 25. Suppose 6*a + 85 = 11*a. Let f = a - 11. What is the greatest common factor of z and f?
2
Let i(k) be the second derivative of -11*k**3/6 - 2*k**2 + 240*k. Suppose 0*l - 4*l = 16. Let y be i(l). What is the greatest common divisor of 4 and y?
4
Suppose -2*b = -5*b + 30. Let y(q) = -7 - 3 - 14*q + 6*q + q**2. Let w be y(b). What is the greatest common divisor of w and 2?
2
Let d = -29 - -41. Let h = 68 + 127. Suppose -4*a - 5*j + 119 = 0, -3*a + 3*j + h = 2*a. What is the greatest common factor of a and d?
12
Suppose -1222*l = -1209*l - 4472. Calculate the greatest common divisor of 946 and l.
